- 0.
3
Calculate (-1711 - -1670) + 3 + 0.
-38
Evaluate -2 - -3 - (-9 - -8 - -13) - 1.
-12
Calculate -1 + (0 - ((5 - 3) + -7)).
4
What is the value of (351 - 361) + 1 + 21?
12
What is the value of -1 + -4 - (-6 + 16)?
-15
Calculate 0 + (5 - 3) + (-11 - 0) - 2.
-11
Calculate (-17 + 27 - 3) + (-1 - 2 - 16).
-12
Calculate 10 + (6 - (0 - -4)) + -5 + 1.
8
8 + -7 + -2 + -10 + -8
-19
Calculate -2 - (9 + -18 + (-1 - 1)).
9
Evaluate -19 - (1 - 7 - 3).
-10
Evaluate 12 + (-9 - (-6 - (-3 - -2)) - -4).
12
What is -26 - 8 - (0 - (-7 + 15))?
-26
What is the value of -9 + 15 + -25 + 9 - 3?
-13
What is the value of -17 + 32 + -6 - 33?
-24
(-27 - 1 - 7 - -4) + 7
-24
What is the value of (-32 + 4 - -21) + (33 - 0)?
26
Calculate (15 - (4 + -7) - 10) + 8.
16
Calculate 1 + -1 + (14 - ((17 - 4) + 11)).
-10
Calculate -18 + 18 + (2 - (-49 - -14)).
37
What is -16 + (46 - 15) - 39?
-24
What is (-168 - -162) + (-1 - 9)?
-16
Calculate -5913 + 5901 + (1 - (0 + 2)) + 9.
-4
Calculate 14 + -22 + 2 - -19.
13
Calculate -2 + (-10 - -14 - 3) + -9.
-10
What is the value of -17 - (-58 - (-67 - -33))?
7
36 - 16 - (3 - -1)
16
What is 1 + -14 + -6 + 16 + 8?
5
-44 - ((-13 - 20) + 8)
-19
Calculate 0 + 12 - 5 - (17 + 0 + -10).
0
What is 8 + (-5 - -7) + (-2 - 4)?
4
-1 - 19 - (-570 + 533)
17
Evaluate (-213 - -210) + 0 + 3 - (0 - -2).
-2
What is the value of (-867 - -851) + (-4 - -1)?
-19
What is the value of -8 + (19 - (-12 + 16)) + -25?
-18
What is 13 + -10 + 15 + -5?
13
Calculate 2 + -1 - 1 - (-144 + 134).
10
Calculate 18 + -8 + 10 + -1 + -13.
6
Evaluate -46 + 44 + -1 + -5 - -3.
-5
(4 - 16 - -7) + (-2 - 1)
-8
Evaluate -11 + (-4 - (3 - -8 - (-2 + 5))).
-23
Evaluate 2 + -3 + (4 - (16 - 10 - 0)).
-3
What is the value of (-33 - 0) + -1 + (1124 - 1110)?
-20
Calculate (-15 - -17) + 1 + (1 - -1) + -12.
-7
7 + 5 + 4 + 2 + -10
8
8 + (1 + 1 + -7 - -3)
6
What is -6 - -2 - (10 + -13 + -4 + 1)?
2
What is (-15 - (-5 + 3)) + (-19 - -12)?
-20
Evaluate 20 - (-16 - -25) - 11.
0
What is -10 - -36 - (0 + 1) - 2?
23
Evaluate 0 + 2 - (15 + 12 + -4) - -5.
-16
(2 - (7 - 5)) + (-4 - -3 - -6)
5
Calculate (-6 - (-7 + 8 + -10 - -4)) + 16.
15
What is 37 + -12 + -10 - 1?
14
What is the value of 17 - (-6 - 0 - (14 + -23))?
14
Evaluate (27 - 1) + -259 + 239.
6
What is -3 + 16 - 1 - 20?
-8
What is -78 + 51 - (-18 - 1)?
-8
What is the value of 0 + -6 - -15 - (13 + -25 - -19)?
2
Calculate 4 - ((3 - -6) + -5).
0
What is (-32 - -18) + 22 - -2?
10
-18 + 3 + 8 + -5 + 6
-6
Calculate (0 - (36 - (1 + -1))) + -102 + 102.
-36
Calculate -11 - (17 + 5 - 14).
-19
0 + 1 - ((-22 - -36 - 20) + -16)
23
Calculate -5 + 5 + (-2 - 3) - 1.
-6
What is the value of 0 - ((-3 + (8 - 4) - 0) + -3)?
2
Calculate 4 + -2 + (0 - (4 + -3)) + -13.
-12
What is -8 - (-2 + 1 - (-5 - -5))?
-7
What is the value of -8 + (20 - 26) + 8?
-6
Evaluate 6 - 1 - (-4 + 14 - -17).
-22
Evaluate 22 + 8 - (84 + -85).
31
Calculate 39 - (-29 + 24 + 41).
3
What is (-2 - (-28 - 2)) + (23 - 48) + 21?
24
-25 - (13 + (2 - 6) - 12)
-22
What is (-1 - 2) + (12 - (13 + -14))?
10
-2 + 1 + -15 + 12 - (-14 - -12)
-2
Evaluate -10 + 25 + -11 + (7 - (1 - -2)).
8
What is the value of -2 - (1 + 6 + (2 - 18))?
7
What is 1 + 39 - (1792 - 1776)?
24
What is -51 + 65 + (-1 - (5 - 2))?
10
-218 - -209 - (-11 - (-2 - -5))
5
2 + 9 + (-8 - 12)
-9
What is the value of 4 + -8 + 17 + -12 + -14?
-13
Evaluate -6 + 3 - 5 - ((-2 - -12) + -12).
-6
(-4 - 12 - -12) + 12 + -1
7
What is 38 + -19 + -3 - (-10 - (-1 - 2))?
23
Evaluate -5 + 6 + (2 + 4 - 0).
7
Calculate (5 - 2 - (124 - 112)) + -11.
-20
What is the value of -23 + 1 + (-1400 - -1393)?
-29
Calculate (16 - 1) + -16 + -2.
-3
Evaluate (-8 - 1) + 1 + 111 + (-86 - 10).
7
6 + (-13 - -7) - -12
12
What is the value of -5 + 0 - -13 - 7?
1
-6 + -1 + 3 + (-3 - -15)
8
(14 + -28 - 14) + (-2 - 3)
-33
What is -17 + (3 - (-4 + -12)) - 37?
-35
Calculate -1 + -1 + (-10 + 20 - 11) - 1.
-4
Calculate 3 + -14 + (1 - 3) + 5.
-8
What is the value of 19 - (-8 + 13 - 3) - 10?
7
What is (-17 - (-2 - (7 - 6))) + 28?
14
Calculate 18 - (33 - (-18 + 32)).
-1
(1 - -1 - 6) + 7 + -2 + 8
9
What is 4 + -11 + 15 - (0 - 4 - -7)?
5
What is -15 - (-29 - -11 - -12 - 39)?
30
15 + 14 + -23 + 6
12
What is the value of 15 - (12 - (15 + -5))?
13
Calculate (5 - 0) + -54 + 36 - -4.
-9
-15 + -5 + 16 - 6
-10
-1 + -12 + -100 + 100
-13
What is the value of (0 - 2 - -6) + (-27 - (9 + -3))?
-29
Evaluate 2 + -2 + -52 + 47.
-5
What is the value of 3 + 0 - -5 - 20 - (2 + -2)?
-12
Calculate (-5 - 0) + (13 + -25 - -17).
0
(-6 - 1) + 4 + (0 - -7) - 3
1
What is the value of (-1 - -11) + -2 - (-655 - -651)?
12
Calculate -7 - (5 - 19) - (-4 + 0).
11
What is (-33 + 12 - -7) + 8?
-6
What is the value of -2 + -10 - (-471 + 489)?
-30
3 + (38 - (-13 - -32))
22
What is the value of (-6 - 0 - -1) + -6 + 16?
5
What is the value of 25 + -11 + (2 - 5)?
11
What is the value of -9 - 0 - ((-16 - -32) + -14)?
-11
Evaluate (8 + -26 - -18) + 16.
16
What is the value of 10 + -1 + -6 + (2 - 0) - 0?
5
-5 + 6 - (3 + (3 - 8) + 1)
2
Evaluate (0 - -38) + -36 + -2 + -9 + -2.
-11
Calculate 1 - 44 - (-38 - -8).
-13
Evaluate -13 - (-22 + 0) - 1.
8
Calculate (-4 + 3 - -9) + 12 + -25.
-5
Evaluate (5 - -2 - 4 - -10) + -7.
6
10 - (2 + 15 + -10)
3
(-3 - 9 - -2) + 33 - -12
35
(-3 - -20) + -15 + -4 - (-1 + -1)
0
Evaluate 16 - (-10 - (-8 + -8)).
10
Evaluate -3 + -4 + (18 + -3 - 9).
-1
Evaluate 64 - 58 - (-10 + 1).
15
(-2 - -7) + 7 + -18 + 2
-4
What is the value of (4 - (4 - 5) - 20) + 9?
-6
Evaluate 1301 + -1315 + 2 + (-9 - 0).
-21
What is (-1 - 11) + -23 + 39 + -1 + 6?
9
(46 - 16 - 24) + 1
7
32 - -5 - (87 - 61) - (-14 - 0)
25
Calculate -1 + (-10 - (-10 - 12)).
11
What is (0 + -1 - (20 + -17)) + -2 + 14?
8
What is (1 - 1) + -37 + 40 - (-1 + -7)?
11
-5 + (-9 - -27) + -9
4
What is 4 + 0 - (1445 - 1431)?
-10
Calculate -2 - ((-5 - (2 + -13) - 6) + -27).
25
What is -17 - (14 - (12 + 35))?
16
What is the value of 38 + (-25 - (-3 + -10) - (0 + -14))?
40
What is the value of 0 + 2 + (-2 - (-13 + 18)) + -17?
-22
What is the value of 48 + -48 + -23 + 4?
-19
Calculate -24 + 52 + -39 - (-1 - (-1 - 4)).
-15
Evaluate 19 - (17 - (-4 + (7 - -10))).
15
What is (76 - 82) + (2 - 1)?
-5
What is the value of 27 - 24 - (-2 + 11 + -3)?
-3
Evaluate 9 + -13 + -26 - -27.
-3
-5 + 17 + -5 + -18
-11
What is 1 - (-15 + (0 - -8) - -19)?
-11
11 - (-14 + 4 - (-3 + -17))
1
Calculate -12 + 13 + 0 + (1 - 7).
-5
What is the value of 23 + -23 + (4 - (21 - -2))?
-19
Evaluate 30 + -15 + -14 + (2 - 4) - 0.
-1
Evaluate (-53 - -59) + 13 + -45.
-26
What is the value of -30 + 11 + 13 + (16 - (2 - -1))?
7
Calculate 33 + (-2 + 0 + -9 - (350 + -353)).
25
What is the value of 7 + 0 - (5 - -4 - -5)?
-7
14 + -34 + 26 + -28 + -2
-24
What is -19 + (-17 - (6 + -33))?
-9
What is -5 + (5 + (5 - (6 - -1)) - -4)?
2
What is the value of 1 + -6 - (40 - 56) - 3?
8
Calculate -11 + (16 - 10) + 6 + (-6 - -23).
18
Evaluate 3 + (9 - 9 - -20).
23
What is (22 - 30) + (10 - 2)?
0
10 - (15 + 3 + -20)
12
Calculate (17 - (17 + -18 - -11)) + 12.
19
0 - 3 - ((-25 - -1) + -52 + 61)
12
(-8 - -9 - 2) + (7 - -1 - 24)
-17
What is -1 - (-3 - (-2 - (15 - 6)))?
-9
Evaluate -331 + 340 - (27 - 1).
-17
(1 - 0) + (-59 - -59) + -15
-14
What is (0 - -18) + (2 - 2) - (-22 - -28)?
12
-30 + (-1 - -3) + 15 + -11 + 0
-24
(5 - 19) + 137 + -100
23
Evaluate 1 - 9 - -2 - (28 + 19 + -64).
11
Calculate (-76 - -78) + 1 + 0.
3
What is 2 + 0 + (2 + 3 - 0) + -2?
5
What is the value of 8 + (2 - 6) + -1 + -8?
-5
What is the value of 23 + -3 + -25 + 0?
-5
2 + -13 + 15 + 6
10
Evaluate -11 + 5 - (-6 + 10 + 3 + -3).
-10
Calculate (-5 - 1) + 12 + -2 + (-4 - 0).
0
What is the value of -5 + (-8 - (-5 - -11 - (13 - 7)))?
-13
-27 + 32 - (-3 + 1 + 3)
4
What is -41 - (52 + -30 + -43)?
-20
What is -36 - (19 + (-39 - -18))?
-34
Evaluate -3 + 4 - (-11 - (6 + -13 + 5)).
10
Calculate (-4 - -1) + 1 + 0 + 271 + -256.
13
Calculate (-12 - -6 - 1 - (-7 + 1)) + 6.
5
Evaluate 8 - (-83 - -78 - (2 - -2 - -3)).
20
(-3 - 4 - 3) + -1
-11
What is (-101 - -68) + (-3 - -24)?
-12
Calculate -268 + 279 + (-27 - 0 - 1).
-17
What is the value of (27 - (8 - 10)) + (6 - -2)?
37
6 - 25 - (38 + -85)
28
What is 0 - 5 - (188 - 199)?
6
What is -15 + 8 - -17 - (-1 + -3)?
14
-9 - 1 - (-73 - -56)
7
What is the value of 29 - 48 - 11 - -19?
-11
What is -47 - (19 - 40 - 4)?
-22
Evaluate (85 - 31 -